*((1 - 2) + 0). Calculate the highest common divisor of y and s.
7
Let x(i) = 3*i**2 - 4*i + 1. Let l be x(5). Let t = l - 28. Suppose -1 + t = 3*o. What is the highest common factor of 1 and o?
1
Let o be (0 + -1)/(9 + -10). Calculate the highest common divisor of o and 3.
1
Let h = 341 - 138. Calculate the highest common factor of 7 and h.
7
Suppose -3*m + 62 = 5*o, -2*o = -3*o + m + 6. Let n(z) = -2*z - 4. Let b be n(-3). Calculate the greatest common factor of b and o.
2
Let w = 102 + -66. Let h = 2 - -1. Suppose -3*j + 104 + 70 = h*x, 3*x = -2*j + 120. Calculate the highest common divisor of j and w.
18
Suppose -o + 3*b = o - 141, -o + 69 = -3*b. Suppose -4*h = -9*h. Suppose y + 0*y - 8 = h. Calculate the greatest common factor of o and y.
8
Let r be -1 + (-1 - -20) - (2 - 5). Calculate the highest common divisor of r and 7.
7
Suppose 13 = 5*o - 7. Suppose o*s - 4 - 20 = 0. Calculate the greatest common factor of 66 and s.
6
Let y(w) = w**3 + 8*w**2 - 6. Let k = -4 + -2. Let m be y(k). What is the highest common divisor of 6 and m?
6
Suppose -9*r + 7*r + 160 = 0. Calculate the highest common factor of r and 10.
10
Let c = -26 + 95. Suppose -q + c = -2*f, -q - 3*f = -3*q + 142. What is the greatest common divisor of q and 11?
11
Let j = 0 + 2. Suppose j*k - 12 = 12. Calculate the highest common divisor of k and 108.
12
Let j(d) = -d**2 - d + 4. Let x be -6 - 2/(4/(-6)). Let w be j(x). Let c be (-46)/w - (2 + -3). What is the highest common factor of c and 16?
8
Let g = -11 - -19. Suppose 3*t + t = 1212. Suppose -n - 3*b = -63, -b - 4*b - t = -4*n. Calculate the greatest common divisor of n and g.
8
Let v = 54 - 18. What is the greatest common factor of 48 and v?
12
Suppose 3*c - 44 = 22. Calculate the highest common divisor of 44 and c.
22
Let a be 1/(1 - (-52)/(-50)). Let h(z) = -35*z**2 - 2*z + 1. Let x be h(1). Let v = a - x. Calculate the greatest common factor of 11 and v.
11
Suppose 0*g + 10 = 3*t + g, -4 = -3*t + 5*g. Suppose 9 = 3*f + 4*z - 1, -3*f - 2*z + 8 = 0. What is the greatest common factor of t and f?
1
Let p(j) be the third derivative of j**6/120 + j**5/12 - 7*j**4/24 + j**3/3 + 4*j**2. Let x be p(-6). Calculate the greatest common divisor of 24 and x.
8
Let n = 11 - 8. Suppose 0*z + 18 = -n*z. Let x be (-6)/(-9) - 248/z. Calculate the greatest common divisor of 105 and x.
21
Let c be 70/4*(-6)/(-63)*18. What is the highest common divisor of 30 and c?
30
Suppose 4*f - 171 - 45 = 0. Suppose -q + 12 + f = 0. What is the highest common divisor of q and 6?
6
Let u(f) = -f**3 + 5*f**2 + 2*f + 10. Let a be u(5). Calculate the greatest common factor of a and 30.
10
Suppose f + u = -21, -4*u - 126 + 22 = 5*f. Let c = 29 + f. Calculate the greatest common divisor of 18 and c.
9
Let c(b) = 2*b**2 - 4*b + 2. Let q be c(2). Suppose q*o - 9 = o. What is the highest common divisor of o and 18?
9
Suppose 2*t - 15 = -3*t. Let o be 17 - (0 + 2 - 0). What is the highest common divisor of t and o?
3
Let i be 7 + 1*(1 - 1). Let m = 32 - i. What is the highest common factor of 25 and m?
25
Let o(t) = 3*t**3 + t + 5. Let z be o(3). Let w = z + -19. Suppose 21 + 35 = 2*n. What is the greatest common divisor of n and w?
14
Suppose 2*z + 220 = t, 0 = 5*z - t + 2*t + 550. Let o be z/((-2 - 1)/3). Let d = -2 - -12. What is the highest common factor of d and o?
10
Suppose 0 = -48*j + 46*j + 208. What is the greatest common factor of 26 and j?
26
Let c(u) = 13*u + 12. Let i be c(5). What is the highest common divisor of i and 7?
7
Let y be 0 + 2 + -2 + 60. Calculate the greatest common factor of y and 6.
6
Let h = -89 - -38. Let p be h/(-2)*10/3. Let i(z) = -17*z**3 + z + 1. Let b be i(-1). What is the greatest common factor of b and p?
17
Let n = 102 - 45. Suppose 0 = -3*c + 5*c - 76. Calculate the highest common factor of n and c.
19
Let v(l) = 83*l**2 + 0 + 4 - 5. Let t be v(1). Let m = t + -59. What is the highest common divisor of m and 23?
23
Let x = 14 - 8. Let y(p) = p**2 + 3*p + 3. Let r be y(-2). What is the highest common divisor of x and r?
1
Let p(q) = q**2 + q + 980. Let c be p(0). Suppose -4*k = -k - 45. Let m be c/k*3/2. Calculate the highest common factor of m and 14.
14
Let r(h) = -h**3 + 3*h**2 + 7*h - 6. Let x be r(4). Let a be 0/(5/((-15)/6)). Let d be a/(12/(-4)) + 12. What is the greatest common factor of x and d?
6
Let a = -5 + 45. Calculate the highest common divisor of 30 and a.
10
Suppose 4*v = 2*d - 28, -5*d = 2*v - 2 - 32. What is the greatest common divisor of 8 and d?
8
Suppose 2 = -j + 4*d, 4*j - 116 + 19 = -5*d. Suppose -j - 10 = -l. Calculate the greatest common factor of l and 42.
14
Let s = 14 + 16. Let u(n) be the second derivative of n**4/12 + 2*n**3/3 + 3*n**2/2 + 2*n. Let x be u(-6). What is the greatest common divisor of x and s?
15
Suppose -4*z - 475 = -9*z. Calculate the highest common divisor of 19 and z.
19
Let h be (-15)/4*20/90*-132. Calculate the highest common factor of 22 and h.
22
Let u(j) = j - 428. Let p be u(0). Let w = -221 - p. Calculate the highest common divisor of w and 23.
23
Let f(g) = g**3 + 11*g**2 + 9*g - 7. Suppose 0 = 2*h - h - 4*m - 2, -4*h = -5*m + 25. Let x be f(h). Calculate the greatest common divisor of 3 and x.
3
Let j be (-440)/(-77) - 2/(-7). What is the greatest common factor of j and 30?
6
Suppose 0 = -z + 16 + 3. What is the greatest common divisor of z and 209?
19
Let j(o) = o**3 + 5*o**2 + 6*o + 2*o**2 + 4 + o**2 - 8. Let w be j(-6). What is the highest common factor of w and 80?
16
Suppose q = 5*q - 12. Calculate the greatest common factor of q and 3.
3
Suppose -7*i - 50 = -2*i. Let h be 4/i - (-24)/10. Suppose -h*q - 4 = -4*q. Calculate the greatest common divisor of 6 and q.
2
Let l be 3*3*5/9. Suppose 7 - 22 = l*z. Let q(n) = -3*n + 1. Let k be q(z). What is the greatest common divisor of k and 15?
5
Let a = 98 - 57. Let z = 9 + a. Let p = z + -30. Calculate the greatest common factor of 30 and p.
10
Let u(p) = 2*p. Let q be u(-1). Let j(i) = 4*i - 2. Let l be j(q). Let t = -5 - l. Calculate the greatest common divisor of t and 45.
5
Let o be 4/3*(-2 - 46). Suppose 0 = 3*z - 6*z + 339. Let c = z + o. What is the greatest common factor of c and 7?
7
Suppose -w - 2*w = -102. Let r = -18 + 103. Calculate the greatest common divisor of r and w.
17
Let c(l) = l**2 + l + 1. Let r be c(3). Let b = r + 1. What is the greatest common divisor of b and 70?
14
Let y = -16 - -17. Let b be (12/30)/(y/100). Suppose 0 = 4*s + 18 - 50. Calculate the greatest common divisor of s and b.
8
Suppose 0 = 7*y - 2*y - 10. Suppose 5*o - 261 = y*o. What is the greatest common factor of o and 58?
29
Suppose 3*i + b = 37, 19 = 2*i - 3*b - 2. Calculate the highest common factor of i and 4.
4
Let z be 38 + -35 - 1*-1. Calculate the highest common divisor of z and 2.
2
Suppose 59*m = 63*m - 448. Calculate the highest common divisor of m and 32.
16
Let h be (-15)/(-6) + (-2)/4. Suppose -f + 0 + h = 0. Suppose -f*j - 16 = -84. Calculate the greatest common factor of 17 and j.
17
Suppose 2*n - 23 = -3. Suppose -n = -4*q + 86. Calculate the highest common factor of q and 60.
12
Let j = -622 + 897. Suppose y + 2*y = -5*l + j, -4*l = -4*y + 388. Let x(h) = 3*h**2 + 7*h - 2. Let z be x(-5). What is the highest common factor of y and z?
19
Let b be (-1 + -1)*(-10)/4. What is the greatest common divisor of b and 90?
5
Let q be (51 - -1) + 5 + -1. Let z(b) = -4*b - 4. Let r be z(-3). What is the greatest common factor of q and r?
8
Suppose 2*w = 6*w - 20. Calculate the greatest common factor of w and 35.
5
Suppose 16 = -6*g + 5*g. Let k be (-13 + 1)/(6/g). What is the greatest common factor of 4 and k?
4
Let t = -1 - -5. Let c(n) = -n**2 - 7*n - 6. Let w be c(-9). Let l = 36 + w. What is the greatest common factor of t and l?
4
Suppose -2*f - 21 = -5*g, 4*f + 6 = -5*g + 3*g. Let v be g*3/(-3)*-1. Let i be 10 + 3/v + -1. What is the highest common divisor of 90 and i?
10
Let n(g) = -g**3 - 4*g**2 - 2*g + 5. Let k = -6 + 2. Let m be n(k). What is the highest common divisor of m and 104?
13
Suppose -15 = 2*j + 13. Let b = 2 - j. Calculate the greatest common divisor of b and 4.
4
Suppose -3*b - 2*b - 9 = 2*h, -5*h + 45 = -b. What is the highest common divisor of 8 and h?
8
Let p be (6 + -4)*3/2. Suppose -8 =